f 147244?
2, 131, 281
List the prime factors of 552321.
3, 7, 11, 797
List the prime factors of 3064061.
7, 11, 13, 3061
What are the prime factors of 528990?
2, 3, 5, 7, 11, 229
List the prime factors of 437798.
2, 19, 41, 281
List the prime factors of 2713664.
2, 109, 389
What are the prime factors of 1686949?
11, 153359
List the prime factors of 897375.
3, 5, 2393
List the prime factors of 2830701.
3, 943567
What are the prime factors of 949768?
2, 227, 523
List the prime factors of 16280224.
2, 59, 8623
List the prime factors of 406370.
2, 5, 40637
List the prime factors of 14855644.
2, 19, 195469
List the prime factors of 7011823.
7, 13, 29, 2657
What are the prime factors of 24694140?
2, 3, 5, 411569
List the prime factors of 1172852.
2, 293213
List the prime factors of 6188370.
2, 3, 5, 206279
What are the prime factors of 510066?
2, 3, 43, 659
What are the prime factors of 6730517?
1237, 5441
List the prime factors of 226731.
3, 75577
What are the prime factors of 995552?
2, 53, 587
What are the prime factors of 452233?
452233
What are the prime factors of 3245302?
2, 859, 1889
List the prime factors of 251661.
3, 149, 563
List the prime factors of 1392641.
43, 139, 233
List the prime factors of 20816633.
23, 905071
List the prime factors of 1061387.
191, 5557
What are the prime factors of 2221034?
2, 1110517
What are the prime factors of 550781?
7, 11, 23, 311
List the prime factors of 941114.
2, 23, 41, 499
What are the prime factors of 269312?
2, 263
What are the prime factors of 382232?
2, 47779
List the prime factors of 23704255.
5, 233, 20347
What are the prime factors of 1153309?
1153309
What are the prime factors of 280964?
2, 70241
What are the prime factors of 14983841?
127, 929
What are the prime factors of 2673914?
2, 1336957
What are the prime factors of 517320?
2, 3, 5, 479
List the prime factors of 677854.
2, 338927
List the prime factors of 2164820.
2, 5, 7, 47
List the prime factors of 759001.
759001
What are the prime factors of 1569379?
7, 224197
What are the prime factors of 51504?
2, 3, 29, 37
List the prime factors of 3799868.
2, 949967
List the prime factors of 486962.
2, 7, 4969
List the prime factors of 32913859.
11, 2992169
What are the prime factors of 76756?
2, 31, 619
List the prime factors of 9790179.
3, 7, 107, 4357
What are the prime factors of 6408731?
7, 915533
List the prime factors of 355555.
5, 17, 47, 89
What are the prime factors of 2786910?
2, 3, 5, 7, 23, 577
What are the prime factors of 5307679?
13, 408283
What are the prime factors of 12273978?
2, 3, 139, 14717
What are the prime factors of 442937?
11, 67, 601
List the prime factors of 53139.
3, 17713
What are the prime factors of 13040466?
2, 3, 2173411
List the prime factors of 5579120.
2, 5, 69739
What are the prime factors of 714799?
17, 19, 2213
List the prime factors of 3493158.
2, 3, 577, 1009
What are the prime factors of 439871?
61, 7211
What are the prime factors of 223105?
5, 44621
What are the prime factors of 1699904?
2, 26561
What are the prime factors of 1465150?
2, 5, 29303
What are the prime factors of 6841762?
2, 31, 163, 677
What are the prime factors of 203080?
2, 5, 5077
What are the prime factors of 19597856?
2, 523, 1171
What are the prime factors of 3600624?
2, 3, 75013
What are the prime factors of 4688489?
13, 360653
What are the prime factors of 464092?
2, 157, 739
What are the prime factors of 744881?
373, 1997
What are the prime factors of 714626?
2, 11, 2953
What are the prime factors of 691390?
2, 5, 7, 17, 83
List the prime factors of 982203.
3, 327401
What are the prime factors of 19959417?
3, 509, 4357
List the prime factors of 7448034.
2, 3, 11, 10259
List the prime factors of 4821665.
5, 964333
What are the prime factors of 648082?
2, 251, 1291
List the prime factors of 807698.
2, 403849
List the prime factors of 798954.
2, 3, 13, 10243
What are the prime factors of 12074946?
2, 3, 13, 154807
List the prime factors of 882737.
181, 4877
List the prime factors of 888208.
2, 43, 1291
What are the prime factors of 19257156?
2, 3, 178307
What are the prime factors of 8137427?
97, 83891
List the prime factors of 16263929.
11, 101, 14639
List the prime factors of 484704.
2, 3, 11, 17
List the prime factors of 1619385.
3, 5, 47, 2297
What are the prime factors of 118391?
7, 13, 1301
What are the prime factors of 94689?
3, 7, 167
List the prime factors of 1011788.
2, 19, 13313
List the prime factors of 3090489.
3, 277, 3719
What are the prime factors of 3576785?
5, 715357
List the prime factors of 4210494.
2, 3, 73, 9613
What are the prime factors of 224088?
2, 3, 9337
List the prime factors of 2326273.
953, 2441
What are the prime factors of 119627?
119627
What are the prime factors of 1913079?
3, 7, 91099
What are the prime factors of 5064084?
2, 3, 163, 863
What are the prime factors of 102241?
102241
What are the prime factors of 7728641?
31, 249311
List the prime factors of 187688.
2, 29, 809
What are the prime factors of 7854220?
2, 5, 11, 19, 1879
What are the prime factors of 201585?
3, 5, 89, 151
List the prime factors of 23234918.
2, 7, 237091
What are the prime factors of 863845?
5, 197, 877
List the prime factors of 937119.
3, 239, 1307
List the prime factors of 2517083.
557, 4519
List the prime factors of 7631304.
2, 3, 317971
What are the prime factors of 203430?
2, 3, 5, 6781
What are the prime factors of 31978?
2, 59, 271
List the prime factors of 4798859.
13, 369143
What are the prime factors of 4593197?
7, 656171
What are the prime factors of 115517?
71, 1627
List the prime factors of 339027.
3, 13, 8693
What are the prime factors of 11351954?
2, 17, 59, 5659
List the prime factors of 3387180.
2, 3, 5, 56453
What are the prime factors of 812965?
5, 162593
What are the prime factors of 3926526?
2, 3, 654421
What are the prime factors of 1582065?
3, 5, 11719
What are the prime factors of 1497259?
263, 5693
List the prime factors of 743688.
2, 3, 11, 313
What are the prime factors of 2300430?
2, 3, 5, 11, 6971
What are the prime factors of 6236861?
1181, 5281
What are the prime factors of 93142?
2, 7, 6653
List the prime factors of 1316244.
2, 3, 19, 23, 251
List the prime factors of 27519169.
457, 60217
List the prime factors of 425677.
7, 60811
List the prime factors of 744900.
2, 3, 5, 13, 191
What are the prime factors of 15490608?
2, 3, 7, 46103
What are the prime factors of 443892?
2, 3, 71, 521
List the prime factors of 12364121.
7, 11, 29, 113
What are the prime factors of 15107678?
2, 863, 8753
List the prime factors of 236491.
173, 1367
List the prime factors of 346825.
5, 13873
List the prime factors of 132845.
5, 163
What are the prime factors of 181973?
11, 71, 233
List the prime factors of 3732066.
2, 3, 13, 41, 389
List the prime factors of 2781259.
13, 213943
List the prime factors of 2100830.
2, 5, 19, 11057
What are the prime factors of 16568?
2, 19, 109
List the prime factors of 2744239.
277, 9907
What are the prime factors of 816724?
2, 73, 2797
What are the prime factors of 3818948?
2, 7, 17, 71, 113
List the prime factors of 402052.
2, 7, 83, 173
List the prime factors of 17015.
5, 41, 83
List the prime factors of 14849704.
2, 17, 137, 797
What are the prime factors of 603968?
2, 9437
List the prime factors of 424340.
2, 5, 7, 433
What are the prime factors of 384548?
2, 96137
What are the prime factors of 9820381?
9820381
What are the prime factors of 168837?
3, 167, 337
What are the prime factors of 349560?
2, 3, 5, 971
List the prime factors of 251950.
2, 5, 5039
What are the prime factors of 438981?
3, 131, 1117
What are the prime factors of 801854?
2, 400927
What are the prime factors of 475280?
2, 5, 13, 457
What are the prime factors of 854366?
2, 47, 61, 149
List the prime factors of 50091.
3, 59, 283
List the prime factors of 29535.
3, 5, 11, 179
What are the prime factors of 19449675?
3, 5, 7, 53, 233
List the prime factors of 7439340.
2, 3, 5, 123989
What are the prime factors of 1550207?
1550207
List the prime factors of 6336827.
7, 79, 1637
List the prime factors of 378764.
2, 23, 179
What are the prime factors of 944349?
3, 7, 193, 233
List the prime factors of 1718805.
3, 5, 11, 947
What are the prime factors of 14184?
2, 3, 197
What are the prime factors of 7